Is 5 a factor of 280?
True
Is 12 a factor of 612?
True
Is 15 a factor of 42930?
True
Does 21 divide 184?
False
Does 140 divide 2624?
False
Does 94 divide 108?
False
Does 12 divide 7154?
False
Does 28 divide 15176?
True
Is 11 a factor of 3106?
False
Is 18 a factor of 1195?
False
Is 12 a factor of 312?
True
Does 251 divide 14320?
False
Does 16 divide 1088?
True
Is 50398 a multiple of 20?
False
Is 10044 a multiple of 27?
True
Does 40 divide 3280?
True
Does 26 divide 390?
True
Is 135 a multiple of 5?
True
Does 13 divide 118495?
True
Is 447 even?
False
Is 52 a factor of 23375?
False
Does 4 divide 4740?
True
Does 130 divide 7185?
False
Is 404 a multiple of 19?
False
Is 902 a multiple of 8?
False
Does 11 divide 322?
False
Is 29939 a multiple of 9?
False
Is 150 a multiple of 15?
True
Is 5 a factor of 5649?
False
Is 116 a multiple of 3?
False
Is 105 a multiple of 5?
True
Does 129 divide 5920?
False
Is 22250 a multiple of 89?
True
Is 23291 a multiple of 41?
False
Is 1144 a multiple of 8?
True
Does 30 divide 1140?
True
Is 25334 a multiple of 18?
False
Is 97 a factor of 348?
False
Does 22 divide 337?
False
Is 17226 a multiple of 7?
False
Is 19 a factor of 2014?
True
Is 21 a factor of 26794?
False
Is 79026 a multiple of 35?
False
Does 28 divide 432?
False
Is 11 a factor of 143?
True
Does 28 divide 64640?
False
Is 648 a multiple of 81?
True
Does 32 divide 3296?
True
Is 7 a factor of 16217?
False
Does 22 divide 286?
True
Does 267 divide 12752?
False
Does 8 divide 23027?
False
Is 38 a multiple of 19?
True
Does 4 divide 24386?
False
Is 221 a multiple of 17?
True
Is 13 a factor of 1712?
False
Is 14 a factor of 3332?
True
Is 1639 a multiple of 83?
False
Is 21 a factor of 27608?
False
Does 99 divide 5291?
False
Is 3 a factor of 3378?
True
Does 13 divide 1079?
True
Is 9 a factor of 2022?
False
Is 8 a factor of 8?
True
Does 22 divide 4744?
False
Does 13 divide 1563?
False
Is 27 a factor of 11961?
True
Is 279 a multiple of 93?
True
Is 57010 a multiple of 10?
True
Is 6 a factor of 1894?
False
Is 1520 a multiple of 5?
True
Does 25 divide 307?
False
Is 189 a multiple of 9?
True
Is 47 a factor of 2115?
True
Is 287 a multiple of 7?
True
Is 198 a multiple of 42?
False
Does 150 divide 7050?
True
Is 10729 a multiple of 20?
False
Is 8010 a multiple of 15?
True
Is 86887 a multiple of 17?
True
Is 26489 a multiple of 40?
False
Is 726 a multiple of 121?
True
Is 17 a factor of 1826?
False
Is 11624 a multiple of 55?
False
Is 15627 a multiple of 67?
False
Is 70 a multiple of 7?
True
Does 84 divide 252?
True
Does 101 divide 103603?
False
Is 220 a multiple of 55?
True
Is 64 a factor of 4973?
False
Is 7 a factor of 908?
False
Is 3021 a multiple of 22?
False
Does 35 divide 3395?
True
Is 12390 a multiple of 30?
True
Is 1368 a multiple of 75?
False
Is 3 a factor of 3898?
False
Is 7074 a multiple of 16?
False
Does 34 divide 557?
False
Does 11 divide 187?
True
Is 107 a factor of 25455?
False
Does 85 divide 8997?
False
Does 11 divide 3476?
True
Does 34 divide 979?
False
Does 51 divide 2244?
True
Does 5 divide 8394?
False
Does 6 divide 8205?
False
Does 74 divide 2664?
True
Does 3 divide 343?
False
Does 130 divide 68770?
True
Is 16 a factor of 12791?
False
Does 155 divide 12245?
True
Does 29 divide 1501?
False
Does 34 divide 1224?
True
Is 84 a factor of 2771?
False
Does 35 divide 7276?
False
Is 9 a factor of 7779?
False
Is 20 a factor of 560?
True
Is 40 a factor of 24452?
False
Does 9 divide 680?
False
Is 19 a factor of 41?
False
Does 10 divide 29210?
True
Is 858 a multiple of 22?
True
Is 209 a multiple of 19?
True
Is 4550 a multiple of 13?
True
Is 61145 a multiple of 42?
False
Does 5 divide 4269?
False
Is 122 even?
True
Does 7 divide 153?
False
Is 58 a multiple of 2?
True
Is 20832 a multiple of 48?
True
Is 15 a factor of 5430?
True
Is 20 a factor of 1740?
True
Is 34 a factor of 1172?
False
Is 462 a multiple of 6?
True
Does 85 divide 693?
False
Does 19 divide 4714?
False
Does 191 divide 118802?
True
Is 16060 a multiple of 55?
True
Is 8887 a multiple of 23?
False
Is 8227 a multiple of 68?
False
Does 19 divide 10103?
False
Does 4 divide 184?
True
Is 1804 a multiple of 44?
True
Is 832 a multiple of 16?
True
Is 4 a factor of 2684?
True
Does 25 divide 325?
True
Is 693 a multiple of 7?
True
Is 2278 a multiple of 67?
True
Is 72 a factor of 12744?
True
Is 35 a factor of 5495?
True
Is 608 a multiple of 19?
True
Is 45276 a multiple of 28?
True
Is 3423 a multiple of 3?
True
Is 519 a multiple of 9?
False
Is 34983 a multiple of 80?
False
Is 58 a factor of 3712?
True
Does 315 divide 11025?
True
Does 19 divide 1113?
False
Is 2240 a multiple of 16?
True
Does 5 divide 690?
True
Does 49 divide 3920?
True
Is 9 a factor of 525?
False
Is 1013 a multiple of 107?
False
Is 22 a factor of 14385?
False
Does 9 divide 1071?
True
Does 6 divide 24312?
True
Does 363 divide 70785?
True
Does 37 divide 849?
False
Is 14 a factor of 1302?
True
Is 630 a multiple of 5?
True
Is 3519 a multiple of 23?
True
Is 204 a factor of 19027?
False
Is 27520 a multiple of 40?
True
Is 582 a multiple of 27?
False
Is 43071 a multiple of 20?
False
Does 24 divide 624?
True
Is 50 a factor of 3910?
False
Does 14 divide 406?
True
Does 10 divide 836?
False
Does 14 divide 9352?
True
Does 21 divide 1827?
True
Does 10 divide 240?
True
Does 151 divide 60555?
False
Is 12 a factor of 8100?
True
Is 178 a factor of 14240?
True
Is 155 a factor of 13175?
True
Is 26316 a multiple of 86?
True
Is 73 a factor of 4962?
False
Is 73 a factor of 898?
False
Does 13 divide 780?
True
Does 30 divide 1410?
True
Does 64 divide 1098?
False
Is 30 a factor of 503?
False
Is 28 a factor of 21717?
False
Is 2250 a multiple of 18?
True
Does 7 divide 5472?
False
Is 91416 a multiple of 20?
False
Does 37 divide 14615?
True
Is 24 a factor of 23394?
False
Is 1925 a multiple of 35?
True
Does 45 divide 810?
True
Does 6 divide 474?
True
Is 12642 a multiple of 8?
False
Does 90 divide 4126?
False
Is 7 a factor of 1843?
False
Is 200 a multiple of 25?
True
Does 9 divide 724?
False
Is 7245 a multiple of 68?
False
Does 6 divide 11380?
False
Does 13 divide 63640?
False
Is 288 a multiple of 12?
True
Is 15 a factor of 1003?
False
Does 48 divide 15390?
False
Is 10 a factor of 460?
True
Is 630 a multiple of 27?
False
Is 19 a factor of 209?
True
Is 336 a multiple of 3?
True
Is 6 a factor of 5325?
False
Does 6 divide 354?
True
Does 103 divide 57062?
True
Is 26 a factor of 68978?
True
Is 44 a factor of 8448?
True
Is 1932 a multiple of 12?
True
Is 38 a factor of 20824?
True
Does 10 divide 6969?
False
Is 23 a factor of 47334?
True
Is 20547 a multiple of 46?
False
Is 31 a factor of 4619?
True
Is 33 a factor of 4907?
False
Is 114 a multiple of 38?
True
Does 50 divide 2200?
True
Is 3 a factor of 183?
True
Does 36 divide 3528?
True
Does 23 divide 1150?
True
Does 95 divide 10213?
False
Is 31 a factor of 2573?
True
Does 10 divide 190?
True
Does 5 divide 767?
False
Does 18 divide 6688?
False
Does 4 divide 387?
False
Is 49 a factor of 1862?
True
Is 14469 a multiple of 9?
False
Is 137544 a multiple of 521?
True
Does 41 divide 83338?
False
Does 24 divide 89827?
False
Is 6445 a multiple of 28?
False
Is 1690 a multiple of 26?
True
Is 46 even?
True
Does 16 divide 1495?
False
Does 7 divide 1912?
False
Is 5153 a multiple of 12?
False
Does 13 divide 351?
True
Is 3 a factor of 7?
False
Is 22 a factor of 80190?
True
Is 18 a factor of 351?
False
Is 73041 a multiple of 251?
True
Is 146594 a multiple of 74?
True
Does 11 divide 4400?
True
Is 61 a factor of 13847?
True
Is 238 a factor of 48636?
False
Does 279 divide 6975?
True
Is 10 a factor of 843?
False
Is 734 a multiple of 20?
False
Is 4465 a multiple of 67?
False
Does 453 divide 106413?
False
Does 21 divide 1624?
False
Is 16 a factor of 7384?
False
Does 13 divide 89726?
True
Is 104 a factor of 2746?
False
Is 3 a factor of 3732?
True
Is 67440 a multiple of 80?
True
Is 31665 a multiple of 15?
True
Is 132 a multiple of 11?
True
Does 46 divide 6716?
True
Does 8 divide 520?
True
Is 42 a factor of 2940?
True
Is 58 a factor of 6478?
False
Is 10 a factor of 250?
True
Is 5858 a multiple of 28?
False
Is 114 a factor of 13906?
False
Is 1207 a multiple of 91?
False
Is 4340 a multiple of 157?
False
Is 99 a factor of 495?
True
Is 34 a factor of 28480?
False
Does 138 divide 5382?
True
